22 a multiple of 41?
True
Does 4 divide 90287197?
False
Does 88 divide 820863824?
True
Is 42401367 a multiple of 7?
False
Is 31610256 a multiple of 616?
False
Does 1166 divide 1023029213?
False
Is 5035183 a multiple of 174?
False
Is 1119445 a multiple of 160?
False
Does 40 divide 329844600?
True
Is 4416 a factor of 1659220398?
False
Is 203 a factor of 161430269?
True
Is 39860520 a multiple of 490?
True
Is 405 a factor of 3447242145?
True
Is 8570557 even?
False
Is 303 a factor of 34745313?
True
Does 4 divide 8459180?
True
Does 4861 divide 2449929417?
True
Is 36 a factor of 88244902?
False
Does 274 divide 30480034?
True
Does 405 divide 431856586?
False
Does 1640 divide 359153777?
False
Is 427761288 a multiple of 282?
True
Is 14 a factor of 85699009?
False
Is 431562984 a multiple of 69?
True
Is 40939936 a multiple of 16?
True
Is 219396055 a multiple of 13?
False
Does 5492 divide 1372066925?
False
Does 19 divide 15126135?
False
Does 34 divide 814581875?
False
Is 110 a factor of 21203595?
False
Is 117605900 a multiple of 20?
True
Does 1583 divide 618039080?
False
Does 734 divide 213134017?
False
Is 1379972687 a multiple of 136?
False
Is 43237488 a multiple of 56?
True
Is 14046043 a multiple of 42?
False
Is 617 a factor of 2812425864?
False
Is 223178184 a multiple of 1692?
True
Is 5156 a factor of 24153144?
False
Is 14 a factor of 2740192?
True
Does 21 divide 178758384?
True
Is 63011000 a multiple of 50?
True
Does 731 divide 375903951?
False
Is 833 a factor of 4737271?
True
Does 37 divide 1054284253?
True
Is 907569408 a multiple of 384?
True
Is 466700246 a multiple of 63?
False
Is 2318 a factor of 261466970?
False
Does 997 divide 88728015?
True
Is 1768408 even?
True
Is 2558812 a multiple of 76?
False
Does 137 divide 74274550?
True
Does 3406 divide 139530196?
True
Does 365 divide 43519127?
False
Is 30609152 a multiple of 28?
True
Does 2175 divide 46758318?
False
Does 10 divide 51814430?
True
Is 8 a factor of 555576?
True
Is 33602831 a multiple of 180?
False
Is 38 a factor of 148939936?
True
Does 3064 divide 505903168?
True
Is 112 a factor of 4440660?
False
Is 21 a factor of 627261124?
False
Is 10212660 a multiple of 45?
True
Does 3072 divide 4136858156?
False
Does 24 divide 1042667485?
False
Is 21143928 a multiple of 26?
True
Does 15 divide 2151576855?
True
Does 331 divide 3290471?
True
Is 135980723 a multiple of 9?
False
Is 41 a factor of 707212063?
False
Is 4 a factor of 50659984?
True
Is 179108248 a multiple of 62?
False
Is 376510989 a multiple of 796?
False
Is 91044054 a multiple of 11?
False
Does 12 divide 221582417?
False
Does 395 divide 11790174?
False
Does 21 divide 481405465?
False
Is 975 a factor of 192006262?
False
Does 19 divide 243331836?
False
Is 183397149 a multiple of 268?
False
Is 17 a factor of 3546017879?
True
Does 192 divide 105139008?
True
Does 407 divide 50214808?
False
Does 27 divide 28623672?
True
Is 16 a factor of 285087664?
True
Is 72442440 a multiple of 476?
True
Does 243 divide 46997534?
False
Is 27290076 a multiple of 228?
False
Does 304 divide 450729856?
True
Is 71 a factor of 157363335?
True
Does 253 divide 648151404?
False
Is 19 a factor of 396588881?
True
Is 618163619 a multiple of 120?
False
Is 233105148 a multiple of 76?
True
Does 12 divide 132323741?
False
Does 8 divide 27320546?
False
Is 697 a factor of 623362145?
False
Does 223 divide 296396659?
True
Is 42 a factor of 1326387258?
True
Is 120 a factor of 2388442080?
True
Is 278915813 a multiple of 2711?
True
Is 23 a factor of 3783834329?
False
Does 12 divide 4048140?
True
Does 615 divide 7516276?
False
Does 714 divide 127096334?
False
Does 170 divide 309946672?
False
Does 282 divide 132629664?
False
Does 16 divide 118081040?
True
Is 175677521 a multiple of 1073?
False
Does 26 divide 504182354?
True
Is 1341826706 a multiple of 22?
True
Is 92 a factor of 2608565887?
False
Is 783192567 a multiple of 51?
True
Is 239647046 a multiple of 270?
False
Does 18 divide 926483381?
False
Is 33225232 a multiple of 21?
False
Is 25 a factor of 16534785?
False
Does 16 divide 146565536?
True
Is 2323 a factor of 418044949?
False
Is 157 a factor of 57281467?
False
Does 111 divide 642939965?
False
Does 62 divide 106293363?
False
Does 3675 divide 245562408?
False
Is 37 a factor of 2603508797?
False
Is 16396357 a multiple of 269?
True
Is 20 a factor of 15972300?
True
Is 27535156 a multiple of 4?
True
Does 826 divide 39703342?
True
Is 169247555 a multiple of 1864?
False
Does 1194 divide 1526047873?
False
Is 632801481 a multiple of 403?
True
Is 65 a factor of 47422960?
True
Is 15 a factor of 947217015?
True
Is 97774832 a multiple of 226?
True
Is 291 a factor of 79005918?
True
Does 118 divide 3678975435?
False
Does 418 divide 2102958?
True
Does 1427 divide 140513836?
True
Does 234 divide 16773588?
True
Is 1177173482 a multiple of 483?
False
Is 1285 a factor of 321605945?
True
Is 217 a factor of 17370314?
False
Is 30 a factor of 7998445830?
True
Does 8 divide 3502698?
False
Does 54 divide 13119055?
False
Is 1147 a factor of 1133236?
True
Does 44 divide 5135780452?
True
Is 24366247 a multiple of 4?
False
Does 8 divide 141851980?
False
Is 20724350 a multiple of 10?
True
Is 189 a factor of 1137090150?
True
Is 21847703 a multiple of 562?
False
Is 67646727 a multiple of 673?
False
Does 53 divide 423355361?
True
Is 2402 a factor of 1240760306?
True
Does 1432 divide 488465403?
False
Is 43 a factor of 449896358?
True
Does 1102 divide 107244436?
True
Is 88870812 a multiple of 12?
True
Is 38 a factor of 38154850?
True
Is 137 a factor of 2263063?
False
Does 464 divide 235939360?
True
Does 17 divide 3444948?
True
Is 35 a factor of 39366708?
False
Does 73 divide 4823581314?
False
Is 11763328 a multiple of 64?
True
Is 45 a factor of 1941406?
False
Is 660 a factor of 285412642?
False
Is 70489183 a multiple of 22?
False
Does 18 divide 38393856?
True
Does 203 divide 422780974?
False
Is 113621268 a multiple of 68?
True
Does 4 divide 77544740?
True
Is 9337050 a multiple of 30?
True
Does 14 divide 859330172?
False
Does 2621 divide 953815973?
True
Does 490 divide 2168250?
True
Is 434849937 a multiple of 4?
False
Is 180712286 a multiple of 7?
False
Does 26 divide 1157794586?
True
Does 44 divide 2122523612?
True
Does 3680 divide 791325825?
False
Does 101 divide 31125005?
False
Is 453337171 a multiple of 10?
False
Is 2739674334 a multiple of 61?
True
Does 8227 divide 3611381509?
True
Is 16 a factor of 3359275817?
False
Does 1979 divide 76979522?
False
Does 4553 divide 13329396?
False
Does 6042 divide 248845341?
False
Is 1172878816 a multiple of 27?
False
Does 16 divide 815813955?
False
Is 111785724 a multiple of 258?
True
Is 9769499 a multiple of 726?
False
Does 147 divide 18914490?
True
Is 64184886 a multiple of 7?
False
Is 20910357 a multiple of 13?
True
Is 51621927 a multiple of 13?
False
Does 25 divide 43403175?
True
Is 3486 a factor of 968870952?
True
Is 1566 a factor of 32268996?
True
Is 33919830 a multiple of 299?
False
Is 715 a factor of 38850108?
False
Is 229846780 a multiple of 2032?
False
Does 80 divide 15186560?
True
Is 8855745 a multiple of 3?
True
Is 424 a factor of 1179579024?
True
Does 1094 divide 228003822?
True
Is 103797054 a multiple of 113?
True
Is 64415820 a multiple of 724?
False
Is 55 a factor of 6483712?
False
Is 25 a factor of 106477124?
False
Does 67 divide 100168519?
False
Is 39 a factor of 142489308?
True
Is 694456052 a multiple of 17?
True
Does 1084 divide 26791841?
False
Is 31 a factor of 6647510?
False
Does 6 divide 11548552?
False
Is 74326535 a multiple of 193?
False
Does 26 divide 59227964?
False
Is 22 a factor of 327937710?
False
Does 357 divide 27233031?
True
Does 1697 divide 97394224?
True
Is 309139586 a multiple of 90?
False
Is 31 a factor of 102200677?
False
Is 340 a factor of 498634480?
True
Does 16 divide 60411622?
False
Is 193 a factor of 243990621?
False
Does 47 divide 2504165176?
False
Is 1080 a factor of 330109596?
False
Does 271 divide 319359408?
True
Is 298 a factor of 2620390134?
False
Is 5208229 a multiple of 2?
False
Is 1235 a factor of 68835195?
True
Is 18 a factor of 51015872?
False
Does 836 divide 764950868?
True
Is 1830752160 a multiple of 60?
True
Is 326209856 a multiple of 36?
False
Does 85 divide 2763690?
True
Is 14 a factor of 69668774?
True
Is 19 a fact